se 4) to base 11
-2a
What is 0 (base 10) in base 3?
0
Convert 62 (base 9) to base 13.
44
1112 (base 4) to base 8
126
Convert 11 (base 2) to base 10.
3
Convert 3 (base 9) to base 15.
3
What is 2 (base 14) in base 13?
2
-3 (base 4) to base 12
-3
What is -112 (base 4) in base 13?
-19
-4 (base 6) to base 11
-4
10 (base 2) to base 10
2
-16 (base 11) to base 14
-13
What is -13 (base 4) in base 2?
-111
What is 2 (base 3) in base 14?
2
What is -10 (base 5) in base 2?
-101
Convert 22 (base 4) to base 3.
101
1b (base 15) to base 9
28
Convert -6 (base 16) to base 9.
-6
What is -101 (base 2) in base 8?
-5
-63 (base 10) to base 13
-4b
Convert 1100 (base 3) to base 7.
51
What is 0 (base 15) in base 7?
0
Convert 66 (base 12) to base 15.
53
What is -16 (base 15) in base 16?
-15
Convert -104 (base 8) to base 16.
-44
Convert -32 (base 6) to base 5.
-40
What is -1 (base 10) in base 16?
-1
-48 (base 9) to base 10
-44
What is 0 (base 7) in base 16?
0
Convert -2 (base 16) to base 7.
-2
132 (base 11) to base 13
c0
What is -1 (base 12) in base 3?
-1
14 (base 16) to base 2
10100
-1031 (base 4) to base 11
-70
What is 167 (base 8) in base 5?
434
Convert 4 (base 11) to base 10.
4
Convert -2022 (base 3) to base 8.
-76
What is 25 (base 9) in base 5?
43
Convert 58 (base 16) to base 5.
323
-102 (base 11) to base 14
-8b
Convert 430 (base 5) to base 9.
137
Convert -5 (base 8) to base 4.
-11
What is -a (base 13) in base 10?
-10
What is 369 (base 10) in base 9?
450
7 (base 8) to base 14
7
Convert -4 (base 7) to base 14.
-4
Convert 4 (base 7) to base 14.
4
1 (base 7) to base 3
1
What is -3b (base 14) in base 3?
-1222
Convert -21 (base 7) to base 9.
-16
Convert -244 (base 5) to base 13.
-59
2 (base 9) to base 12
2
What is 3 (base 13) in base 12?
3
8 (base 11) to base 12
8
0 (base 4) to base 3
0
13 (base 13) to base 9
17
Convert 42 (base 9) to base 2.
100110
What is 5 (base 6) in base 14?
5
What is -10 (base 8) in base 11?
-8
What is 40 (base 12) in base 3?
1210
Convert 200 (base 4) to base 6.
52
What is -33 (base 12) in base 2?
-100111
Convert -2032 (base 4) to base 7.
-262
What is -18 (base 12) in base 6?
-32
What is -c (base 16) in base 3?
-110
What is 44 (base 7) in base 12?
28
0 (base 9) to base 8
0
1331 (base 5) to base 9
260
-100 (base 5) to base 2
-11001
-121 (base 3) to base 5
-31
What is 8 (base 11) in base 10?
8
Convert 11 (base 3) to base 11.
4
What is 4 (base 6) in base 11?
4
What is -80 (base 15) in base 13?
-93
Convert -9 (base 16) to base 13.
-9
-2b (base 13) to base 9
-41
79 (base 11) to base 10
86
Convert 6 (base 9) to base 8.
6
Convert 1b (base 12) to base 15.
18
0 (base 11) to base 4
0
What is -10010 (base 2) in base 4?
-102
4 (base 11) to base 3
11
What is -5 (base 12) in base 6?
-5
What is -27 (base 14) in base 4?
-203
Convert 201 (base 5) to base 16.
33
What is 2 (base 6) in base 11?
2
Convert -1 (base 15) to base 11.
-1
What is -31 (base 15) in base 2?
-101110
3 (base 10) to base 4
3
-11 (base 7) to base 11
-8
Convert 21 (base 5) to base 10.
11
-110 (base 6) to base 13
-33
100 (base 2) to base 14
4
Convert -1ba (base 14) to base 8.
-550
12c (base 13) to base 8
317
What is 7 (base 10) in base 8?
7
Convert -40 (base 13) to base 7.
-103
Convert -2 (base 8) to base 10.
-2
2 (base 8) to base 16
2
23 (base 5) to base 12
11
Convert -110011 (base 2) to base 12.
-43
9 (base 12) to base 15
9
What is 2 (base 11) in base 7?
2
Convert 204 (base 8) to base 13.
a2
Convert -27 (base 14) to base 3.
-1022
43 (base 6) to base 12
23
What is -104 (base 6) in base 12?
-34
What is -48 (base 14) in base 5?
-224
What is 305 (base 6) in base 11?
a3
Convert 1 (base 11) to base 2.
1
What is 18 (base 12) in base 16?
14
What is 12b (base 14) in base 6?
1031
65 (base 7) to base 3
1202
17c (base 13) to base 15
132
-25 (base 6) to base 3
-122
Convert 9 (base 13) to base 12.
9
-101001 (base 3) to base 12
-1a7
What is -21 (base 5) in base 16?
-b
What is 51 (base 6) in base 10?
31
Convert -1 (base 7) to base 13.
-1
Convert -2 (base 3) to base 10.
-2
-10 (base 4) to base 11
-4
-c (base 16) to base 5
-22
-3 (base 11) to base 14
-3
-1 (base 15) to base 8
-1
8 (base 16) to base 5
13
-1 (base 4) to base 7
-1
What is 37 (base 14) in base 4?
301
3 (base 9) to base 8
3
What is -13 (base 7) in base 8?
-12
-4 (base 7) to base 2
-100
1a (base 16) to base 3
222
17 (base 13) to base 16
14
What is 8 (base 11) in base 4?
20
-6 (base 14) to base 13
-6
Convert 11032 (base 4) to base 5.
2314
Convert -259 (base 10) to base 15.
-124
What is -23 (base 6) in base 12?
-13
41 (base 8) to base 15
23
What is -77 (base 11) in base 15?
-59
What is -4b (base 12) in base 3?
-2012
What is -31 (base 4) in base 14?
-d
9 (base 14) to base 12
9
What is -4 (base 16) in base 9?
-4
-1d (base 16) to base 2
-11101
Convert -17 (base 14) to base 2.
-10101
Convert 1003 (base 4) to base 2.
1000011
-4 (base 16) to base 15
-4
Convert 21 (base 10) to base 13.
18
10 (base 4) to base 14
4
0 (base 13) to base 5
0
What is -1 (base 11) in base 6?
-1
What is -150 (base 11) in base 5?
-1201
Convert -120 (base 7) to base 3.
-2100
3 (base 14) to base 9
3
Convert 44 (base 7) to base 8.
40
Convert -132 (base 6) to base 14.
-40
-2 (base 14) to base 9
-2
What is -2e (base 16) in base 13?
-37
What is -4 (base 6) in base 11?
-4
-12 (base 14) to base 9
-17
What is 11 (base 9) in base 12?
a
What is 10 (base 3) in base 7?
3
What is 3 (base 16) in base 15?
3
Convert 1 (base 8) to base 10.
1
What is -1c (base 16) in base 12?
-24
-9 (base 16) to base 4
-21
34 (base 5) to base 13
16
What is -6 (base 13) in base 10?
-6
What is -16 (base 13) in base 11?
-18
Convert 5 (base 7) to base 13.
5
Convert 17 (base 8) to base 13.
12
Convert 12 (base 5) to base 2.
111
3 (base 16) to base 3
10
What is 45 (base 8) in base 13?
2b
What is 2c (base 16) in base 9?
48
Convert 10 (base 14) to base 9.
15
What is 21 (base 7) in base 4?
33
4 (base 5) to base 16
4
Convert -4 (base 12) to base 11.
-4
What is 4 (base 15) in base 3?
11
What is -10 (base 11) in base 7?
-14
What is 25 (base 6) in base 13?
14
What is -20 (base 9) in base 12?
-16
-1 (base 10) to base 7
-1
What is 232 (base 4) in base 2?
101110
What is -15 (base 13) in base 8?
-22
Convert 55 (base 7) to base 6.
104
What is 54 (base 6) in base 3?
1021
0 (base 5) to base 4
0
51 (base 9) to base 11
42
-102 (base 7) to base 10
-51
-14 (base 15) to base 8
-23
Convert 18 (base 10) to base 4.
102
Convert -1101011 (base 2) to base 3.
-10222
Convert -23 (base 5) to base 15.
-d
-2 (base 15) to base 12
-2
What is 3 (base 9) in base 14?
3
What is -24 (base 9) in base 8?
-26
What is 3 (base 13) in base 3?
10
Convert 101 (base 3) to base 12.
a
Convert 1000 (base 3) to base 6.
43
What is -205 (base 8) in base 13?
-a3
-15 (base 6) to base 5
-21
What is -b0 (base 12) in base 4?
-2010
-3 (base 12) to base 4
-3
What is -1 (base 5) in base 9?
-1
-1b (base 15) to base 3
-222
14 (base 8) to base 5
22
Convert 102 (base 3) to base 4.
23
50 (base 16) to base 6
212
Convert -57 (base 10) to base 14.
-41
What is 3 (base 4) in base 13?
3
Convert 4 (base 13) to base 4.
10
Convert -11 (base 6) to base 8.
-7
-1133 (base 4) to base 3
-10112
Convert -1000 (base 3) to base 6.
-43
Convert -ea (base 15) to base 6.
-1004
5 (base 14) to base 9
5
23 (base 13) to base 7
41
What is -110 (base 2) in base 4?
-12
Convert -6 (base 15) to base 5.
-11
Convert 12 (base 13) to base 12.
13
3 (base 10) to base 5
3
2 (base 12) to base 5
2
Convert 0 (base 3) to base 13.
0
What is 3 (base 8) in base 16?
3
What is 22 (base 3) in base 2?
1000
-b (base 15) to base 8
-13
Convert -1002 (base 3) to base 13.
-23
What is 111 (base 5) in base 4?
133
What is 3 (base 16) in base 8?
3
Convert 99 (base 14) to base 13.
a5
Convert b (base 16) to base 2.
1011
What is -3 (base 15) in base 2?
-11
Convert -3 (base 11) to base 15.
-3
5 (base 13) to base 14
5
Convert -3 (base 13) to base 14.
-3
What is 2 (base 11) in base 8?
2
Convert -100 (base 2) to base 11.
-4
1132 (base 6) to base 4
10100
Convert 1 (base 15) to base 4.
1
What is -1101 (base 2) in base 13?
-10
Convert -21012 (base 3) to base 16.
-c2
33 (base 12) to base 2
100111
What is 0 (base 10) in base 15?
0
What is 12 (base 4) in base 13?
6
What is -4 (base 14) in base 9?
-4
What is 212 (base 3) in base 6?
35
Convert 11 (base 6) to base 